{"id":3,"date":"2021-06-14T06:56:00","date_gmt":"2021-06-14T06:56:00","guid":{"rendered":"https:\/\/rentenhilfe-maack.de\/?page_id=3"},"modified":"2023-05-05T18:35:26","modified_gmt":"2023-05-05T16:35:26","slug":"datenschutzerklaerung","status":"publish","type":"page","link":"https:\/\/rentenhilfe-maack.de\/index.php\/datenschutzerklaerung\/","title":{"rendered":"Datenschutzerkl\u00e4rung"},"content":{"rendered":"<div id=\"declarationbody\">\n<h3 id=\"dse_structure_toc\">&#9650; Inhaltsverzeichnis<\/h3>\n<p><style type=\"text\/css\">ol.toc {counter-reset: item} ol.toc li {display: block} ol.toc li:before {content: counters(item, \".\") \" \"; counter-increment: item} ol.toc, ul.toc {list-style: none; padding: 0px 0px 0px 16px;} ol.toc li, ul.toc li {line-height: 1.5;} ol.toc2, ul.toc2 {margin-top: 0px; padding-top: 10px; padding-bottom: 10px; background-color: #fffae5;} h3#dse_structure_toc,#dse_structure_toc h2 {cursor: pointer; background-color: #fffae5; padding: 10px; margin-bottom: 0px !important;}<\/style><script type=\"text\/javascript\">var erDoToc=function(){var toc=document.getElementById('dse_structure_toc');if(toc==null){toc=document.getElementById('structure_toc');if(toc==null){console.log('toc not found');return;}}if(toc.nextElementSibling==null){toc=toc.querySelectorAll('h2,h3')[0];}toc.nextElementSibling.style.display='none';var el=toc.nextElementSibling.nextElementSibling;el.style.marginLeft=window.getComputedStyle(toc, null).getPropertyValue('margin-left')+'px';document.addEventListener('click',function(e){for(var target=e.target;target && target!=this;target=target.parentNode){if((target.id=='dse_structure_toc')&&((e.target.tagName=='H2')||(e.target.tagName=='H3'))){if(target.nextElementSibling==null){target=target.querySelectorAll('h2,h3')[0];}var el=target.nextElementSibling.nextElementSibling;if(el.style.display=='none'){show=1;}else{show=0;}el.style.display=(show?'block':'none');if(show){toc.innerHTML='\u25b2 Inhaltsverzeichnis';}else{toc.innerHTML='\u25bc Inhaltsverzeichnis';}break;}}},false);};function ready(fn){if(document.readyState!='loading'){fn();}else{document.addEventListener('DOMContentLoaded',fn);}}ready(erDoToc);<\/script><ol class=\"toc toc2\"><li><a href=\"#dse_verantwortlicher\">Verantwortliche Stelle<\/a><\/li><li><a href=\"#dse_allgemein096\">Allgemeines<\/a><ol class=\"toc toc3\"><li><a href=\"#dse_allgemein096_bestand\">Bestandsdaten<\/a><\/li><li><a href=\"#dse_allgemein096_nutzung\">Nutzungsdaten<\/a><\/li><\/ol><\/li><li><a href=\"#dse_hoster\">Hoster<\/a><ol class=\"toc toc3\"><li><a href=\"#dse_hoster_hosterandere\">ARRT IT GmbH<\/a><\/li><\/ol><\/li><li><a href=\"#dse_erstkontakt\">Erstkontakt durch elektronische Anfrage<\/a><\/li><li><a href=\"#dse_einwilligung\">Einwilligung<\/a><\/li><li><a href=\"#dse_speicherdauer\">Speicherdauer<\/a><\/li><li><a href=\"#dse_nutzerrechte\">Rechte der Nutzer<\/a><ol class=\"toc toc3\"><li><a href=\"#dse_nutzerrechte_loeschung\">L\u00f6schung, Berichtigung, Einschr\u00e4nkung<\/a><\/li><li><a href=\"#dse_nutzerrechte_widerspruch\">Widerspruch<\/a><\/li><li><a href=\"#dse_nutzerrechte_datenuebertragung\">Daten\u00fcbertragung<\/a><\/li><li><a href=\"#dse_nutzerrechte_beschwerde\">Beschwerde<\/a><\/li><\/ol><\/li><li><a href=\"#dse_aenderungdse\">\u00c4nderung der Datenschutzerkl\u00e4rung<\/a><\/li><li><a href=\"#dse_dateneingaben\">Dateneingaben<\/a><ol class=\"toc toc3\"><li><a href=\"#dse_dateneingaben_verschluesselung\">Verschl\u00fcsselung<\/a><\/li><li><a href=\"#dse_dateneingaben_kontaktform\">Kontaktformular<\/a><ol class=\"toc toc4\"><li><a href=\"#dse_dateneingaben_kontaktform_angebot\">Angebot<\/a><\/li><\/ol><\/li><\/ol><\/li><\/ol><\/p>\n<h2 id=\"dse_verantwortlicher\">1 Verantwortliche Stelle<\/h2>\n<p>Wir freuen uns \u00fcber Ihren Besuch auf unserer Website. Zun\u00e4chst m\u00f6chten wir uns Ihnen als verantwortliche Stelle im Sinne des Datenschutzrechts vorstellen:<br \/><br \/>J\u00fcrgen Maack<br \/>Bendestorfer Str. 1A<br \/>21224 Rosengarten Klecken<br \/>Telefon: +49 4105 6669091<br \/>E-Mail: info@rentenhilfe-maack.de<\/p>\n<h2 id=\"dse_allgemein096\">2 Allgemeines<\/h2>\n<p>Wir m\u00f6chten Sie in \u00dcbereinstimmung mit unserer gesetzlichen Verpflichtung \u00fcber die Erhebung und Verwendung Ihrer personenbezogenen Daten informieren.<br \/><br \/>Wenn Sie unsere Website nutzen, werden personenbezogene Daten \u00fcber Sie erfasst. Dies kann dadurch erfolgen, dass Sie die Daten eigenst\u00e4ndig eingeben \u2013 wie z.B. Ihre Mailadresse. Unser System erfasst Daten von Ihnen aber auch automatisch, wie etwa Ihren Besuch auf unserer Website. Dies erfolgt unabh\u00e4ngig davon, mit welchem Ger\u00e4t oder mit welcher Software Sie unsere Website nutzen.<br \/> <br \/>Jegliche Eingabe von Daten durch Sie auf unserer Website ist freiwillig, es treten durch die Nichtpreisgabe Ihrer Daten f\u00fcr Sie keine Nachteile ein. Ohne bestimmte Daten ist es uns aber nicht m\u00f6glich, Leistungen zu erbringen oder Vertr\u00e4ge zu schlie\u00dfen. Auf derartige Pflichtangaben werden wir Sie jeweils hinweisen.<br \/> <br \/>Auf dieser Webseite werden personenbezogene Daten des Nutzers nur im Rahmen des geltenden Datenschutzrechts, insbesondere der Datenschutzgrundverordnung (DSGVO), erhoben. Die in dem Text verwendeten Fachbegriffe werden in Art. 4 der DSGVO n\u00e4her erl\u00e4utert. <br \/> <br \/> Eine Datenverarbeitung ist nach der DSGVO insbesondere in drei F\u00e4llen erlaubt: <br \/> <ul>    <li>nach Art. 6 Abs. 1 lit. a und 7 DSGVO, wenn Sie in die Datenverarbeitung durch uns eingewilligt haben; jeweils werden wir Sie vorher in dieser Datenschutzerkl\u00e4rung und anl\u00e4sslich der Einwilligung nach Ma\u00dfgabe von Art. 4 Nr. 11 DSGVO genau unterrichten, wozu und unter welchen Umst\u00e4nden Ihre Daten von uns verarbeitet werden;<\/li>    <li>nach Art. 6 Abs. 1 lit. b DSGVO, wenn die Verarbeitung Ihrer personenbezogenen Daten f\u00fcr die Anbahnung, den Abschluss oder die Abwicklung eines Vertragsverh\u00e4ltnisses erforderlich ist;<\/li>    <li>nach Art. 6 Abs. 1 lit. f DSGVO, wenn nach einer Interessenabw\u00e4gung die Verarbeitung zur Wahrung unserer berechtigten Interessen erforderlich ist; dazu geh\u00f6ren insbesondere unsere Interessen, das Angebot auf unserer Website zu analysieren, zu optimieren und abzusichern \u2013 darunter fallen vor allem eine Analyse des Nutzerverhaltens, die Erstellung von Profilen f\u00fcr Werbezwecke und die Speicherung von Zugriffsdaten sowie der Einsatz von dritten Anbietern.<\/li> <\/ul><\/p>\n<h3 id=\"dse_allgemein096_bestand\">2.1 Bestandsdaten<\/h3>\n<p>Wir erheben Bestandsdaten, soweit sie f\u00fcr die Begr\u00fcndung, inhaltliche Ausgestaltung oder \u00c4nderung eines (auch unentgeltlichen) Vertragsverh\u00e4ltnisses zwischen uns und dem Nutzer erforderlich sind. Dazu k\u00f6nnen geh\u00f6ren: Kundendaten (z. B. Name, Adresse), Kontaktdaten (z. B. E-Mail-Adresse, Telefonnummer), Leistungsdaten (z.B. bestellte Leistung, Laufzeit, Entgelt). Bei der Begr\u00fcndung des Nutzungsverh\u00e4ltnisses werden wir diese Daten von Ihnen abfragen (z. B. Name, Anschrift und E-Mail-Adresse) und Ihnen auch mitteilen, inwieweit die Angabe jeweils verbindlich erforderlich ist, um das Nutzungsverh\u00e4ltnis zu begr\u00fcnden.<\/p>\n<h3 id=\"dse_allgemein096_nutzung\">2.2 Nutzungsdaten<\/h3>\n<p>Weiter erheben wir Nutzungsdaten, um die Inanspruchnahme der Dienste auf unserer Website durch den Nutzer zu erm\u00f6glichen. Dazu k\u00f6nnen geh\u00f6ren: Nutzungsangaben (z. B. aufgerufene Webseiten oder Bereiche, Besuchsdauer, Interesse an Leistungen), Inhaltsdaten (z. B. von Ihnen eingegebene oder hochgeladene Daten, Texte, Bilder, T\u00f6ne, Videos), Metadaten (z. B. Identit\u00e4t Ihres Ger\u00e4tes, Standort, IP-Adresse).<br \/><br \/>Eine Zusammenf\u00fchrung von Nutzungsdaten wird von uns nur vorgenommen, sofern und soweit dies f\u00fcr Abrechnungszwecke erforderlich ist. Ansonsten werden wir Nutzungsdaten nur pseudonym erstellen und nur, soweit Sie dem nicht widersprochen haben. Diesen Widerspruch k\u00f6nnen Sie jederzeit an die in dem Impressum angegebene Anschrift oder den in dieser Datenschutzerkl\u00e4rung genannten Verantwortlichen senden.<br \/><br \/>Rechtsgrundlage f\u00fcr diese Datenverarbeitung sind zum einen unsere berechtigten Interessen gem. Art. 6 Abs. 1 lit. f DSGVO an der Analyse der Website und ihrer Nutzung, gegebenenfalls auch die gesetzliche Erlaubnis zur Speicherung von Daten im Rahmen der Anbahnung eines Vertragsverh\u00e4ltnisses gem. Art. 6 Abs. 1 lit. b DSGVO.<br \/><\/p>\n<h2 id=\"dse_hoster\">3 Hoster<\/h2>\n<h3 id=\"dse_hoster_hosterandere\">3.1 ARRT IT GmbH<\/h3>\n<p>Unsere Website wird im Internet von einem Dienstleister (Provider oder Hoster) zum Abruf bereitgestellt. Wir nutzen hierf\u00fcr den Dienst von ARRT IT GmbH, Hinter der Linah 31, 21614 Buxtehude. Wir haben mit unserem Provider einen Auftragsverarbeitungsvertrag abgeschlossen. Danach ist unser Provider verpflichtet, Ihre Daten nur in unserem Auftrag und nach unserer Weisung zu verarbeiten. Weitergehende Informationen zu der Datenverarbeitung bei unserem Provider finden Sie in dessen Datenschutzerkl\u00e4rung unter <a href=\"https:\/\/www.arrt-it.de\/datenschutzerklaerung\/\" target=\"_blank\" rel=\"noopener\">https:\/\/www.arrt-it.de\/datenschutzerklaerung\/<span class=\"linkext link linkext_png\"><\/span><\/a>. Rechtsgrundlage f\u00fcr diese Datenverarbeitung sind zum einen unsere berechtigten Interessen gem. Art. 6 Abs. 1 lit. f DSGVO an der Bereitstellung und Nutzung unserer Website im Internet sowie soweit einschl\u00e4gig auch die gesetzliche Erlaubnis zur Speicherung von Daten im Rahmen der Anbahnung eines Vertragsverh\u00e4ltnisses gem. Art. 6 Abs. 1 lit. b DSGVO.<br \/><br \/>Unser Provider verarbeitet bei jeder Nutzung dieser Website Informationen, die sog. Server Log Dateien, die automatisch bei jedem Aufruf von Websites im Internet von Ihrem Browser \u00fcbermittelt werden. Dies sind:<\/p><ul><li>Ihre IP-Adresse<\/li><li>Typ und Version Ihres Browsers<\/li><li>Hostname<\/li><li>Besuchszeitpunkt<\/li><li>die Website, von der aus Sie unsere Website besucht haben<\/li><li>Name der aufgerufenen Website<\/li><li>genauer Zeitpunkt des Aufrufes sowie<\/li><li>die \u00fcbertragene Datenmenge<\/li><\/ul><p>Diese Daten werden nur f\u00fcr statistische Zwecke verwendet und erm\u00f6glichen uns keine Identifikation von Ihnen als Nutzer.<\/p>\n<h2 id=\"dse_erstkontakt\">4 Erstkontakt durch elektronische Anfrage<\/h2>\n<p>Kontaktieren Sie uns in elektronischer Form (z. B. E-Mail, Fax, Telefon, Messenger, etc.), speichern und verarbeiten wir die Daten, die Sie uns bekannt gegeben haben (z. B. Name, Kontaktinformationen, Inhalt der Anfrage). Rechtsgrundlage daf\u00fcr ist unser berechtigtes Interesse an effektiver Kundenkommunikation gem. Art. 6 Abs. 1 lit. a DSGVO und, soweit es um eine Anfrage zur Eingehung oder Erf\u00fcllung eines Vertrages geht, auch Art. 6 Abs. 1 lit. b DSGVO.<br \/>Diese Daten werden wir an Dritte nur weitergeben, soweit es (nach Art. 6 Abs. 1 lit. b DSGVO) f\u00fcr die Erf\u00fcllung des Vertrages erforderlich ist, dies dem \u00fcberwiegenden Interesse an einer effektiven Leistung (gem. Art. 6 Abs. 1 lit. f DSGVO) entspricht oder Ihre Einwilligung (nach Art. 6 Abs. 1 lit. a DSGVO) oder eine sonstige gesetzliche Erlaubnis oder Pflicht vorliegt. <br \/>Sie k\u00f6nnen von uns jederzeit unentgeltlich Auskunft \u00fcber Zweck der Verarbeitung, Herkunft und ggf. Empf\u00e4nger Ihrer personenbezogenen Daten verlangen. Weiter k\u00f6nnen Sie die Berichtigung, die L\u00f6schung und die Einschr\u00e4nkung der Verarbeitung Ihrer personenbezogenen Daten geltend machen. Sie k\u00f6nnen jederzeit Widerspruch gegen die (weitere) Verarbeitung Ihrer Daten erheben und haben ein Recht auf Daten\u00fcbertragbarkeit sowie ein Recht auf Beschwerde bei der zust\u00e4ndigen Aufsichtsbeh\u00f6rde. <br \/>Ihre Daten bleiben grunds\u00e4tzlich nur so lange gespeichert, wie es der Zweck der jeweiligen Datenverarbeitung erfordert. Eine weitergehende Speicherung kommt vor allem in Betracht, wenn dies zur Rechtsverfolgung oder aus berechtigten Interessen noch erforderlich ist oder eine gesetzliche Pflicht besteht, die Daten noch aufzubewahren (z. B. steuerliche Aufbewahrungsfristen, Verj\u00e4hrungsfrist).<\/p>\n<h2 id=\"dse_einwilligung\">5 Einwilligung<\/h2>\n<p>Soweit wir Sie um Ihre Einwilligung bitten, Ihre Daten zu verarbeiten, werden wir Sie in klarer Sprache und leicht zug\u00e4nglich dar\u00fcber informieren, f\u00fcr welche F\u00e4lle Sie Ihre Einwilligung erteilen. Jede von uns erbetene Einwilligung ist freiwillig, jeden Vorteil, den Sie durch die Erteilung einer Einwilligung erlangen m\u00f6chten, k\u00f6nnen Sie auch ohne die Einwilligung bekommen, fragen Sie uns einfach. <br \/><br \/>F\u00fcr jede Einwilligung gilt, dass Sie das Recht haben, jederzeit eine uns erteilte Einwilligung zur Verarbeitung Ihrer personenbezogenen Daten zu widerrufen. Dies kann durch eine formlose Mitteilung erfolgen, z. B. \u00fcber unser Kontaktformular, eine E-Mail an die im Impressum angegebene E-Mail-Adresse oder einen Abmeldelink (soweit von uns angeboten). Ihr Widerruf ber\u00fchrt die Rechtm\u00e4\u00dfigkeit der bis dahin vorgenommenen Datenverarbeitung nicht.<\/p>\n<h2 id=\"dse_speicherdauer\">6 Speicherdauer<\/h2>\n<p>Ihre Daten bleiben grunds\u00e4tzlich nur so lange gespeichert, wie es der Zweck der jeweiligen Datenverarbeitung erfordert. Eine weitergehende Speicherung kommt vor allem in Betracht, wenn dies zur Rechtsverfolgung durch uns oder aus unseren sonstigen berechtigten Interessen noch erforderlich ist. <br \/>F\u00fcr Ihre Bestandsdaten, die zur Erf\u00fcllung eines (auch unentgeltlichen) Vertragsverh\u00e4ltnisses erforderlich waren, bedeutet das, dass wir diese bis zur vollst\u00e4ndigen Erf\u00fcllung oder Beendigung des Vertragsverh\u00e4ltnisses zuz\u00fcglich der Verj\u00e4hrungsfrist (die generell 2 oder 3 Jahre betr\u00e4gt) nebst einem angemessenen Aufschlag f\u00fcr eine eventuelle Unterbrechung der Verj\u00e4hrung speichern.<br \/>F\u00fcr Ihre Nutzungsdaten, die anl\u00e4sslich Ihrer Nutzung der Website erfasst wurden, bedeutet das, dass wir diese nur so lange speichern, wie dies f\u00fcr die ordnungsgem\u00e4\u00dfe Funktion unserer Website noch erforderlich ist und unser berechtigtes Interesse reicht. Statistische Angaben werden wir in erster Linie nur pseudonymisiert speichern.<br \/>Dar\u00fcber hinaus speichern wir Ihre Daten noch, soweit wir dazu gesetzlich verpflichtet sind. Das sind insbesondere die steuerlichen Aufbewahrungsfristen, die grunds\u00e4tzlich 6 oder gar 10 Jahre betragen.<\/p>\n<h2 id=\"dse_nutzerrechte\">7 Rechte der Nutzer<\/h2>\n<p>Sie k\u00f6nnen von uns jederzeit kostenfrei Auskunft \u00fcber die von uns \u00fcber Sie gespeicherten personenbezogenen Daten verlangen. Hierbei wird zur Verhinderung von Missbrauch eine Identifikation Ihrer Person erforderlich.<\/p>\n<h3 id=\"dse_nutzerrechte_loeschung\">7.1 L\u00f6schung, Berichtigung, Einschr\u00e4nkung<\/h3>\n<p>Sie k\u00f6nnen von uns jederzeit Berichtigung (auch durch Erg\u00e4nzung) unrichtiger Daten verlangen sowie eine Einschr\u00e4nkung ihrer Verarbeitung oder auch die L\u00f6schung Ihrer Daten. Dies gilt insbesondere, wenn der Verarbeitungszweck erloschen ist, eine erforderliche Einwilligung widerrufen wurde und keine andere Rechtsgrundlage vorliegt oder unsere Datenverarbeitung unrechtm\u00e4\u00dfig ist. Wir werden Ihre personenbezogenen Daten dann im gesetzlichen Rahmen unverz\u00fcglich berichtigen, sperren oder gar l\u00f6schen.<\/p>\n<h3 id=\"dse_nutzerrechte_widerspruch\">7.2 Widerspruch<\/h3>\n<p><span data-src=\"easy\" style=\"padding: 8px; margin: 8px; border: 1px solid black; display:inline-block\">JEDER VERARBEITUNG IHRER PERSONENBEZOGENEN DATEN, DIE WIR AUF EINE ABW\u00c4GUNG MIT IHREN INTERESSEN NACH ART. 6 ABS. 1 lit. f DSGVO ST\u00dcTZEN, K\u00d6NNEN SIE JEDERZEIT WIDERSPRECHEN, WENN DAF\u00dcR GR\u00dcNDE BESTEHEN, DIE SICH AUS IHRER BESONDEREN PERS\u00d6NLICHEN SITUATION ERGEBEN. <br \/>WIR VERARBEITEN IHRE DATEN DANN NICHT MEHR, ES SEI DENN, WIR K\u00d6NNEN ZWINGENDE SCHUTZW\u00dcRDIGE GR\u00dcNDE F\u00dcR DIE VERARBEITUNG NACHWEISEN, DIE DIE INTERESSEN, RECHTE UND FREIHEITEN VON IHNEN \u00dcBERWIEGEN ODER DIE VERARBEITUNG DIENT DER GELTENDMACHUNG, AUS\u00dcBUNG ODER VERTEIDIGUNG VON RECHTSANSPR\u00dcCHEN UNSERERSEITS.<\/span><\/p>\n<h3 id=\"dse_nutzerrechte_datenuebertragung\">7.3 Daten\u00fcbertragung<\/h3>\n<p>Sie k\u00f6nnen von uns die \u00dcbertragung der zu Ihrer Person gespeicherten Daten in maschinenlesbarer Form verlangen.<\/p>\n<h3 id=\"dse_nutzerrechte_beschwerde\">7.4 Beschwerde<\/h3>\n<p>Soweit Sie sich durch unsere Datenverarbeitung in Ihren Rechten verletzt f\u00fchlen, k\u00f6nnen Sie bei der zust\u00e4ndigen Aufsichtsbeh\u00f6rde (<a href=\"https:\/\/www.bfdi.bund.de\/DE\/Infothek\/Anschriften_Links\/anschriften_links-node.html\" target=\"_blank\" rel=\"noopener\">hier<span class=\"linkext link linkext_png\"><\/span><\/a> finden Sie eine Liste der Beh\u00f6rden) eine Beschwerde einreichen.<\/p>\n<h2 id=\"dse_aenderungdse\">8 \u00c4nderung der Datenschutzerkl\u00e4rung<\/h2>\n<p>Sofern einmal eine \u00c4nderung der Datenschutzerkl\u00e4rung aus rechtlichen oder tats\u00e4chlichen Gr\u00fcnden erforderlich wird, werden wir diese Seite entsprechend aktualisieren. Dabei werden keine \u00c4nderungen an den vom Nutzer erteilten Einwilligungen vorgenommen.<\/p>\n<h2 id=\"dse_dateneingaben\">9 Dateneingaben<\/h2>\n<h3 id=\"dse_dateneingaben_verschluesselung\">9.1 Verschl\u00fcsselung<\/h3>\n<p>Wenn Sie auf unserer Website Daten eingeben, sei es auf einem Kontaktformular, anl\u00e4sslich einer Registrierung, des Einloggens oder f\u00fcr Zahlungszwecke, ist die Webseite, auf der Sie die Daten eingeben, verschl\u00fcsselt. Dadurch k\u00f6nnen Dritte nicht mitlesen, welche Daten Sie eingeben. Sie erkennen die Verschl\u00fcsselung an dem Schlosssymbol in Ihrem Browser und daran, dass die Adresszeile mit \u201ehttps\u201c anstatt nur mit \u201ehttp\u201c beginnt.<\/p>\n<h3 id=\"dse_dateneingaben_kontaktform\">9.2 Kontaktformular<\/h3>\n<h4 id=\"dse_dateneingaben_kontaktform_angebot\">9.2.1 Angebot<\/h4>\n<p>Auf unserer Website finden Sie ein Kontaktformular, mit dem Sie ein Angebot f\u00fcr unsere Leistungen anfragen k\u00f6nnen. Wir erfragen hier die aus dem Formular ersichtlichen Daten, die erforderlich sind, um das Angebot zu erstellen. <br \/>Die Eingabe Ihrer Daten erfolgt verschl\u00fcsselt, dadurch k\u00f6nnen Dritte Ihre Daten anl\u00e4sslich der Eingabe nicht mitlesen.<br \/>Grundlage f\u00fcr diese Speicherung ist unser berechtigtes Interesse an Kommunikation mit interessierten Nutzern nach Art. 6 Abs. 1 lit. f DSGVO und bei Vertragsanfragen auch die Speicherung von Vertragsdaten gem. Art. 6 Abs. 1 lit. b DSGVO.<br \/>Ihre Daten bleiben gespeichert, solange es die Bearbeitung der Anfrage erfordert, insbesondere die Speicherung noch zur Vertragserf\u00fcllung-\/abwicklung, zur Rechtsverfolgung durch uns oder aus unseren sonstigen berechtigten Interessen noch erforderlich ist oder wir gesetzlich gehalten sind, Ihre Daten noch aufzubewahren (z.B. im Rahmen steuerlicher Aufbewahrungsfristen).<\/p><p><!--customer_text_1--><\/p><p><br \/><i>Erstellt mit dem <a href=\"https:\/\/easyrechtssicher.de\/komplett-schutz\/\" target=\"_blank\" rel=\"noopener\">Datenschutz Generator<span class=\"linkext link linkext_png\"><\/span><\/a> von <a href=\"https:\/\/easyrechtssicher.de\" target=\"_blank\" rel=\"noopener\">https:\/\/easyrechtssicher.de<span class=\"linkext link linkext_png\"><\/span><\/a><\/i><\/p><p><br \/>Es gilt unsere aktuelle Datenschutzerkl\u00e4rung vom 17.04.2026<\/p><\/div>  \n","protected":false},"excerpt":{"rendered":"","protected":false},"author":1,"featured_media":0,"parent":0,"menu_order":0,"comment_status":"closed","ping_status":"closed","template":"","meta":{"footnotes":""},"class_list":["post-3","page","type-page","status-publish","hentry"],"_links":{"self":[{"href":"https:\/\/rentenhilfe-maack.de\/index.php\/wp-json\/wp\/v2\/pages\/3","targetHints":{"allow":["GET"]}}],"collection":[{"href":"https:\/\/rentenhilfe-maack.de\/index.php\/wp-json\/wp\/v2\/pages"}],"about":[{"href":"https:\/\/rentenhilfe-maack.de\/index.php\/wp-json\/wp\/v2\/types\/page"}],"author":[{"embeddable":true,"href":"https:\/\/rentenhilfe-maack.de\/index.php\/wp-json\/wp\/v2\/users\/1"}],"replies":[{"embeddable":true,"href":"https:\/\/rentenhilfe-maack.de\/index.php\/wp-json\/wp\/v2\/comments?post=3"}],"version-history":[{"count":3,"href":"https:\/\/rentenhilfe-maack.de\/index.php\/wp-json\/wp\/v2\/pages\/3\/revisions"}],"predecessor-version":[{"id":881,"href":"https:\/\/rentenhilfe-maack.de\/index.php\/wp-json\/wp\/v2\/pages\/3\/revisions\/881"}],"wp:attachment":[{"href":"https:\/\/rentenhilfe-maack.de\/index.php\/wp-json\/wp\/v2\/media?parent=3"}],"curies":[{"name":"wp","href":"https:\/\/api.w.org\/{rel}","templated":true}]}}